 base 8, what is -2030073 - 0?
-2030073
In base 13, what is 3ba4 + -18?
3b89
In base 8, what is -2 - -1634133?
1634131
In base 16, what is -17b + -11?
-18c
In base 9, what is 5515183 + -4?
5515178
In base 3, what is 2001 + 11120112210?
11120121211
In base 7, what is 630 + 26?
656
In base 6, what is 2550 + -2022?
524
In base 8, what is 0 + -102351?
-102351
In base 3, what is 10001000 - 10?
10000220
In base 6, what is -113 + 155055?
154542
In base 7, what is -2141 - -224?
-1614
In base 2, what is -1111 - 1001110110001?
-1001111000000
In base 11, what is -4 + -5605?
-5609
In base 4, what is 132200 - -21222?
220022
In base 2, what is 11 - -111000000100011?
111000000100110
In base 6, what is -21 - 201254?
-201315
In base 7, what is -3335 + 4635?
1300
In base 6, what is -4 - 124545?
-124553
In base 5, what is -3 - 42231041?
-42231044
In base 10, what is -486 + 4467?
3981
In base 2, what is 110 - 10010011001000?
-10010011000010
In base 7, what is -66 - 1262?
-1361
In base 2, what is -11 + 10111101011?
10111101000
In base 13, what is a - 9b6?
-9a9
In base 7, what is -3 + 1645243?
1645240
In base 14, what is -1 - dd0d?
-dd10
In base 12, what is 1 - 5519?
-5518
In base 14, what is -c + 8dbb?
8dad
In base 13, what is 3 + -2735b?
-27358
In base 16, what is -fb2 + 8?
-faa
In base 10, what is 27 - -100000?
100027
In base 10, what is -39403 - 5?
-39408
In base 9, what is 12881 - 3?
12877
In base 11, what is 40a6 + -76?
4030
In base 16, what is -8873 + -1c?
-888f
In base 9, what is -68415 - -5?
-68410
In base 4, what is -13 - 20120302?
-20120321
In base 4, what is -111001 + 13?
-110322
In base 6, what is -3235 + -122413?
-130052
In base 3, what is 120001012 - 10?
120001002
In base 12, what is -209aa - -5?
-209a5
In base 15, what is 22437a + 5?
224380
In base 2, what is 100110 + 101110010?
110011000
In base 3, what is -220 + 122012120?
122011200
In base 9, what is 361 - -3204?
3565
In base 9, what is -6 + 73728?
73722
In base 7, what is 26636414 - 5?
26636406
In base 4, what is -112130303 + -102?
-112131011
In base 6, what is 53214 - 4?
53210
In base 14, what is 2 - 17b274?
-17b272
In base 16, what is -26d5c + 4?
-26d58
In base 14, what is -627cb - -3?
-627c8
In base 10, what is 2003 + -13?
1990
In base 12, what is 21 - -7a686?
7a6a7
In base 8, what is -1500 - -1114?
-364
In base 12, what is 92 + a6?
178
In base 7, what is -16 + 1056545?
1056526
In base 8, what is -4 + -30432?
-30436
In base 7, what is 1462 - -225?
2020
In base 10, what is -15573 + 3?
-15570
In base 2, what is 101 + -10101011111100?
-10101011110111
In base 11, what is 138161 - 6?
138156
In base 8, what is 2563 + -74?
2467
In base 6, what is 122452 - 4?
122444
In base 13, what is 11a - -338c?
34a9
In base 4, what is 111132 + 2031?
113223
In base 11, what is -4 + -a3980?
-a3984
In base 5, what is 4 + -224441421?
-224441412
In base 12, what is 15a7 + -5?
15a2
In base 6, what is 202 + -5132?
-4530
In base 4, what is 2001 - 1113222?
-1111221
In base 6, what is 325 - 54451?
-54122
In base 7, what is 150021 + 2?
150023
In base 10, what is -4 - 1399?
-1403
In base 9, what is 125 - 58410?
-58274
In base 11, what is 3 - -47198?
471a0
In base 15, what is 9d - -2ebe?
306c
In base 12, what is 5 + -629?
-624
In base 16, what is e + b871?
b87f
In base 12, what is -346 - 189?
-513
In base 3, what is -2 - -20102010?
20102001
In base 7, what is -2 - 33503?
-33505
In base 14, what is -49 - 393?
-3dc
In base 7, what is 565306 + -2?
565304
In base 15, what is 355 - -68?
3bd
In base 11, what is -298 - 3017?
-3304
In base 5, what is -202200331 - -4?
-202200322
In base 13, what is 14a + -4776?
-4629
In base 4, what is 1002222 - 1223?
1000333
In base 3, what is -122211200 - 111?
-122212011
In base 7, what is -2 - -30423?
30421
In base 15, what is 3234a + 2?
3234c
In base 16, what is -3c + de5?
da9
In base 7, what is 1151645 - 4?
1151641
In base 13, what is cb - -1177?
1275
In base 5, what is -4142423 - 2?
-4142430
In base 13, what is 5 - -6a76?
6a7b
In base 14, what is 252 + 28?
27a
In base 15, what is be59d - 4?
be599
In base 16, what is 4 + -83c?
-838
In base 3, what is -1201022 - -102220?
-1021102
In base 3, what is 101022 - -220021?
1021120
In base 7, what is 141 - -2210?
2351
In base 16, what is -20 - 23cc?
-23ec
In base 13, what is 45 + -1798?
-1753
In base 11, what is -35 - 1072?
-10a7
In base 5, what is -424 - 204321?
-210300
In base 13, what is 108a + 17a?
1237
In base 5, what is -410431 + -103?
-411034
In base 2, what is 1010100011101 + -111111?
1010011011110
In base 16, what is -3 - 3034?
-3037
In base 12, what is -1 - 7367?
-7368
In base 10, what is -39 - -10798?
10759
In base 7, what is 4561154 - 2?
4561152
In base 4, what is 1212 - -2023?
3301
In base 14, what is -6 + -4dc?
-504
In base 10, what is 0 + 9800?
9800
In base 7, what is -543426 - 34?
-543463
In base 10, what is -7283 - 119?
-7402
In base 15, what is 70e478 + 5?
70e47d
In base 7, what is -213053 + -2?
-213055
In base 8, what is 0 + 1133552?
1133552
In base 3, what is -21 - 110210221?
-110211012
In base 15, what is -297c + -3a?
-29b7
In base 4, what is 3130 + 1202?
10332
In base 10, what is 1632 + -128?
1504
In base 8, what is 0 - 50664?
-50664
In base 5, what is -3 - 211021001?
-211021004
In base 7, what is 106 - -20016?
20125
In base 14, what is -4 - -12d4c1?
12d4bb
In base 11, what is -1300 + a?
-12a1
In base 12, what is 11b - -28a?
3a9
In base 6, what is 0 + 31440515?
31440515
In base 11, what is -90a + 21?
-899
In base 10, what is -3 + 30859?
30856
In base 13, what is 32 + -80c?
-7aa
In base 8, what is -53671 + 2?
-53667
In base 5, what is 43031331 - 20?
43031311
In base 12, what is -25 + -681?
-6a6
In base 5, what is -233211 + 3?
-233203
In base 4, what is 33 - 2230321?
-2230222
In base 4, what is 3022323 - -21?
3023010
In base 9, what is -30714 - -28?
-30675
In base 13, what is -13 + 10b?
c8
In base 10, what is 37502 - -19?
37521
In base 10, what is 3 + 136416?
136419
In base 12, what is 4 - ba75?
-ba71
In base 14, what is -79ca + 0?
-79ca
In base 5, what is -4021 + -201110?
-210131
In base 11, what is -10 - 2814?
-2824
In base 16, what is -c6e6 + -2?
-c6e8
In base 7, what is -40330532 - 4?
-40330536
In base 11, what is 3225 - 5?
3220
In base 14, what is 1a1 - -125?
2c6
In base 4, what is -13112 - 113222?
-133000
In base 2, what is 1001100 - -10111000?
100000100
In base 11, what is 1a + 881?
8a0
In base 16, what is -7eb7 + 2?
-7eb5
In base 14, what is 552 - 7b?
4b5
In base 5, what is -2224 - 42?
-2321
In base 2, what is 11 + -111001110011?
-111001110000
In base 15, what is -2 - 17740?
-17742
In base 6, what is -11 - 1253?
-1304
In base 13, what is 2686995 + 4?
2686999
In base 9, what is 14 + -4256?
-4242
In base 14, what is -1 + -3bd6d?
-3bd70
In base 3, what is 20 - -10022010021?
10022010111
In base 14, what is 1b9d + 2d0?
208d
In base 4, what is -120303 - -1202?
-113101
In base 6, what is 100512 - -1102?
102014
In base 9, what is 1338612 - 4?
1338607
In base 15, what is 3d - -86?
c4
In base 15, what is 22ae - -1?
22b0
In base 5, what is 1 + 332204?
332210
In base 4, what is 20 + -211120000?
-211113320
In base 6, what is 2 - -142212?
142214
In base 10, what is 38060 - -3?
38063
In base 6, what is -54404 + -41?
-54445
In base 16, what is -3 + 59d39?
59d36
In base 11, what is 186260 - -5?
186265
In base 13, what is 16 - -423?
439
In base 5, what is 12324100 + -4?
12324041
In base 4, what is 202 + -31020022?
-31013220
In base 13, what is 27b - -1a32?
1cb0
In base 13, what is 2bc - -2b?
31a
In base 15, what is 7c958 - 3?
7c955
In base 4, what is -3 + 101033303?
101033300
In base 15, what is 1317a + -2?
13178
In base 12, what is 746 + -38?
70a
In base 16, what is a481 - b?
a476
In base 6, what is -13253145 - 4?
-13253153
In base 2, what is -1 + 11100010001110?
11100010001101
In base 8, what is 21634 - -5?
21641
In base 16, what is 1b692 - -3?
1b695
In base 15, what is 5 + 536?
53b
In base 15, what is 78b - 3bb?
3c0
In base 2, what is 101 - -101011011000110?
101011011001011
In base 7, what is -1204060 + 1?
-1204056
In base 8, what is 755075 - 40?
755035
In base 14, what is a6d - 72?
9db
In base 6, what is 1 + 1330515?
1330520
In base 4, what is -211230 - 103?
-211333
In base 9, what is 78303 - 11?
78282
In base 6, what is 141 + -212403?
